he greatest common divisor of 42 and v.
14
Let m be ((-4)/(-2) - 2) + 4. Suppose 6 + 9 = 5*d, m*j - 88 = 4*d. Let l = -11036 + 11046. What is the highest common factor of l and j?
5
Suppose 0 = 4*z - 3*k - 10 - 51, 2*k - 20 = -2*z. What is the highest common factor of 1469 and z?
13
Suppose 1851 + 4969 = 11*u. Calculate the highest common factor of 10 and u.
10
Let f(o) = 7*o + 11. Let n be f(-5). Let b = 31 + n. Calculate the highest common factor of b and 28.
7
Let i(n) = n**3 + 3*n**2 - 11*n + 6. Let o be i(2). What is the highest common factor of o and 1312?
4
Let a be (-20)/((-40)/39) + 2/(-4). Calculate the highest common divisor of a and 133.
19
Let m be 0 + 70 + -18 + 13. What is the highest common factor of 13 and m?
13
Let f(c) = c**3 + 4*c**2 - 4*c + 3. Let j be f(-5). Let i = 14 + j. Let d = 3 - -1. What is the highest common factor of i and d?
4
Let i be (-336)/((78/(-10) - -8)/(-1)). What is the highest common divisor of 70 and i?
70
Suppose 19*y = 16*y - 2*z + 41, -3*y + 25 = -2*z. Calculate the greatest common divisor of y and 253.
11
Suppose -7*y + 1179 = 2*y. Let p be y + 22/(-55) + (-14)/(-10). What is the highest common divisor of 12 and p?
12
Let k(b) = 3*b**2 + 25*b + 55. Let t be k(-7). Calculate the highest common factor of t and 6.
3
Let s be 3 + (-4)/(12/(-9)). Let v be (115/(-46))/(1/(-6)). Let w be (-81)/(-6) + v/(-10). What is the greatest common divisor of s and w?
6
Let u = -370 + 402. What is the greatest common factor of 784 and u?
16
Let v = 217 - 129. Calculate the highest common factor of v and 88.
88
Let k = 1538 - 1063. Suppose k = 11*q - 6*q. What is the greatest common divisor of 38 and q?
19
Let t(a) = 5*a**2 + a + 30. Let u be t(-10). What is the greatest common divisor of 40 and u?
40
Let f be 3/6*-39*-2. Suppose -b + 2*b = f. Let v = b + 15. Calculate the greatest common factor of 18 and v.
18
Let i be -3 - (-3 + 2 + -7). Let y(x) = -3*x**2 - 146*x - 95. Let s be y(-48). What is the greatest common divisor of s and i?
1
Suppose -2*w - 577 = -1447. Calculate the highest common divisor of 15 and w.
15
Suppose 0 = 3*i + 13 - 19. Let o = i - 7. Let n be 1 + o/(25/(-30)). What is the highest common divisor of 21 and n?
7
Let h be (-266)/(-20) - 9/30. Suppose 3*i - 184 = -67. What is the greatest common divisor of h and i?
13
Let d(j) = -j**2 + 17*j + 5. Let n be d(17). Suppose -27 = 3*b - 7*b + n*m, 4*m - 12 = -b. Calculate the highest common divisor of 1 and b.
1
Let z(n) = 5*n**2 - 18*n - 19. Let o be z(9). Let k be 45/2*(o/35 - 4). Let j be 0 + 20 + -6 + 4. What is the highest common factor of k and j?
18
Let i(a) = -2*a + 35. Let x be i(16). Suppose -z = 3*v - 5, -3 = -x*v + v - z. Calculate the highest common divisor of 6 and v.
2
Suppose 0 = c - 33 - 27. Suppose -s + 25 = -4*n, -s + n + 4 = -6. Suppose d + d - 358 = -4*g, 3*d + 453 = s*g. What is the highest common divisor of c and g?
30
Suppose -3*q = c - 1060, 3*q - c + 597 - 1661 = 0. Calculate the greatest common divisor of q and 12.
6
Let l(z) = -7*z + 130. Let v be l(-5). Calculate the greatest common factor of 30 and v.
15
Suppose 0 = -6*k - 25 + 61. Let x be 6*(-15)/10*-1. What is the greatest common factor of x and k?
3
Suppose -3*o - z + 1695 = 67, o + z = 540. Calculate the highest common divisor of o and 32.
32
Let p = 85 - 49. Let c = -20 + 102. Suppose 5*j - c = 38. What is the highest common factor of j and p?
12
Let o = -328 + 360. Calculate the highest common factor of o and 352.
32
Let y(a) = 3*a - 9. Let p be y(6). Suppose -2*i + 4*c + 13 = -p, c = -1. Suppose r + 7*u = 2*u - 15, u + i = r. Calculate the highest common factor of r and 5.
5
Suppose -50 = -y - 3. What is the greatest common factor of 329 and y?
47
Suppose 2*u + 0*c = 3*c - 15, -c = -5. Suppose -3*m + 2*m + 7 = u. What is the greatest common divisor of m and 14?
7
Let a = -32 - -46. Let r be (7/4 - 1)/(120/320). Suppose 358 - 50 = r*o. What is the highest common factor of o and a?
14
Let n(p) = p**2 - 2. Let d be n(-2). Let s(i) = 2*i - 2. Let j be s(d). Calculate the greatest common factor of j and 22.
2
Suppose 14*r - 46 = 12*r. Let t be (-2)/11 - 90/(-11). Let p = 77 - t. Calculate the highest common factor of p and r.
23
Let z be (15*1)/(5/(-5)). Let q be 58/4*20/10. Let f = z + q. What is the greatest common divisor of f and 42?
14
Let k(n) = -n + 9. Let z be k(11). Let v(q) = -16*q + 1. Let d be v(z). Let a(t) = t + 11. Let c be a(0). Calculate the greatest common factor of c and d.
11
Let g = 6 + -10. Let l(m) = 7*m**2 + 2*m - 4. Let r be l(g). Let k be (-236)/(-12) - (-2 + 10/6). Calculate the highest common divisor of r and k.
20
Suppose -3*g - 150 = -4*k + 13, -197 = -5*k - 3*g. What is the highest common divisor of 16 and k?
8
Suppose -71*m = -76*m + 10. Let a(u) = 5*u + 9. Let s be a(m). What is the greatest common factor of s and 19?
19
Let j(x) = 2*x**3 + 3*x**2 + 6*x - 5. Let y be j(5). Calculate the greatest common factor of y and 35.
35
Let s(h) = -h**3 + 7*h**2 + h + 4. Let t be s(6). Suppose 11*d + 5*m = 9*d + 205, 0 = 5*m + 25. Calculate the greatest common factor of d and t.
23
Let r(y) = -y**2 - 10*y - 6. Suppose 0*l + 32 = -4*l. Let x be r(l). Suppose -h = h - 4*p + 12, 4*p = 20. What is the greatest common divisor of h and x?
2
Let v = 4528 - 2736. Calculate the highest common factor of 14 and v.
14
Suppose 0*k - 22 = -2*k. Suppose 3*x - 4*f + 2 = 0, -2*x + 5 - k = -5*f. Suppose 0*q - x*q + 70 = 0. What is the highest common divisor of q and 14?
7
Let a be (-190)/114*(0 - 126/3). Calculate the highest common divisor of 7 and a.
7
Let t = -1 + 5. Suppose -2*p = -4*q - 3*p + 13, 3*p - 15 = -t*q. What is the greatest common factor of q and 12?
3
Let c(j) = 7*j + 28. Let b(l) = -5*l - 2. Let t be b(-4). Let v be c(t). Calculate the greatest common divisor of v and 22.
22
Let p(j) = -j**3 - 17*j**2 - 2*j - 22. Let h be p(-17). What is the greatest common divisor of 12 and h?
12
Suppose -2*k + 192 = -0*k. What is the highest common factor of k and 64?
32
Suppose 11*l - 10*l = -m + 85, -5*m - 3*l = -425. Calculate the greatest common divisor of m and 119.
17
Let g(d) = -22*d + 20*d - 11*d**3 - 3*d**3 - 2. Let r be g(-2). Calculate the highest common factor of r and 6.
6
Suppose -q + 1 = -3*d - 7, 5*q = -4*d + 21. Suppose 0 = -2*t - 4, q*t + 7 + 1 = -2*j. Let v = 5165 - 5161. Calculate the greatest common divisor of j and v.
1
Let c be (-13)/(13/(-34)) - 1. Calculate the greatest common divisor of c and 39.
3
Let y be 2/16 + (-1644)/96. Let v = 40 + -22. Let q = y + v. What is the greatest common divisor of 2 and q?
1
Suppose -5*c = y + 7, -2*y + 6*y + 2*c = 8. Calculate the greatest common factor of 57 and y.
3
Let f = 12 - 4. Suppose 0 = s - 3*s + 36. Let x = s + -10. Calculate the highest common divisor of x and f.
8
Suppose -10 = v - 8. Let j be (-5)/(-10) - 27/v. What is the greatest common divisor of 2 and j?
2
Suppose 0 = 2*v + 3*v - 5, 3*k - v - 47 = 0. Let j(w) = -w**3 + 7*w**2 + 8*w - 4. Let c be j(6). Let u = c - 40. What is the greatest common factor of u and k?
8
Let v(z) = 4*z**2 - 2*z - 19. Let y be v(8). Suppose 0 = -3*r + 3*h + 48, -3*r - h = -0*h - 52. What is the greatest common factor of r and y?
17
Let z = -184 + 320. Suppose 4*t = 6*u - 2*u + z, 0 = -4*u - 4. Calculate the highest common divisor of t and 297.
33
Let n(m) = 26*m**2 - 2*m - 3. Let q be n(-2). Let l(u) = 5*u**2 - 13*u + 15. Let v be l(3). What is the highest common divisor of q and v?
21
Let f be 2/(-8) + 1156/16. Calculate the greatest common factor of f and 168.
24
Suppose 33 = -3*r + 117. Suppose 0 = 63*a + 18*a + 6*a - 9744. Calculate the greatest common factor of r and a.
28
Let h(q) = -3*q - 87. Let n be h(-31). What is the greatest common divisor of 33 and n?
3
Suppose 0 = -3*n - 13*s + 12*s + 139, 4*n - 2*s = 172. What is the greatest common factor of n and 65?
5
Suppose -2*s - 2 - 3 = -3*m, -m - 7 = -5*s. Suppose s*h - 430 = -0*h - 5*o, 5*h - 1092 = -4*o. Calculate the greatest common divisor of h and 20.
20
Let h = 381 - 317. Calculate the greatest common divisor of 24 and h.
8
Suppose 0 = -17*q + 11*q + 3960. What is the greatest common divisor of q and 60?
60
Suppose -4*q = 5*v - 89, -32 + 40 = -2*q. What is the highest common factor of v and 14?
7
